
Is 1867 a composite number?
False
Is 82207 a composite number?
False
Is 124291 a composite number?
False
Is 316691 a prime number?
True
Is 9239 a prime number?
True
Is 14567 composite?
True
Is 69313 prime?
True
Is 379811 prime?
True
Is 1513097 composite?
True
Is 112643 a composite number?
False
Is 25663 a prime number?
False
Is 4774921 a composite number?
False
Is 2131729 prime?
False
Is 36973 a prime number?
True
Is 9479 a prime number?
True
Is 16811 a composite number?
False
Is 1361 a composite number?
False
Is 10081 composite?
True
Is 98431 a prime number?
False
Is 57801 composite?
True
Is 12461 a prime number?
False
Is 278311 a prime number?
False
Is 52147 composite?
False
Is 79437 a prime number?
False
Is 396413 composite?
False
Is 430633 prime?
False
Is 35023 a prime number?
True
Is 1623 a prime number?
False
Is 5969 composite?
True
Is 24407 composite?
False
Is 46399 prime?
True
Is 51778 prime?
False
Is 1469 composite?
True
Is 12867 a prime number?
False
Is 216277 a composite number?
True
Is 309157 prime?
True
Is 39607 composite?
False
Is 41119 a composite number?
True
Is 43773 prime?
False
Is 7681 prime?
True
Is 1549883 prime?
True
Is 87793 a composite number?
False
Is 5710699 a prime number?
True
Is 14281 a prime number?
True
Is 6523 a composite number?
True
Is 13751 a composite number?
False
Is 9239 composite?
False
Is 306937 a prime number?
False
Is 5899 prime?
False
Is 4193 composite?
True
Is 530311 prime?
False
Is 519 a prime number?
False
Is 230495 composite?
True
Is 164213 a composite number?
True
Is 921839 composite?
False
Is 251 a prime number?
True
Is 23755 a composite number?
True
Is 348209 a composite number?
False
Is 3589 a prime number?
False
Is 221755 a prime number?
False
Is 5219 composite?
True
Is 77941 a composite number?
True
Is 98407 prime?
True
Is 30757 prime?
True
Is 141439 a prime number?
True
Is 54907 a prime number?
True
Is 18853 a composite number?
True
Is 310547 a prime number?
True
Is 41867 prime?
False
Is 186365 a prime number?
False
Is 4547 a prime number?
True
Is 79967 a prime number?
True
Is 123231 composite?
True
Is 103387 a prime number?
True
Is 178359 a prime number?
False
Is 1034015 prime?
False
Is 720914 prime?
False
Is 9871 composite?
False
Is 32713 a prime number?
True
Is 12408013 a prime number?
True
Is 21 a composite number?
True
Is 196739 prime?
True
Is 113539 prime?
True
Is 7039 a prime number?
True
Is 85381 a prime number?
True
Is 893 prime?
False
Is 78121 a prime number?
True
Is 168793 a composite number?
True
Is 14351 prime?
False
Is 23893 a composite number?
False
Is 170627 composite?
False
Is 226159 composite?
True
Is 8803 a prime number?
True
Is 1652606 a composite number?
True
Is 1901449 a prime number?
False
Is 78685 a prime number?
False
Is 6067 composite?
False
Is 52919 prime?
True
Is 55951 composite?
True
Is 235607 a composite number?
False
Is 1537 composite?
True
Is 224483 prime?
False
Is 271799 composite?
True
Is 141 prime?
False
Is 178217 prime?
False
Is 176777 a prime number?
True
Is 821993 prime?
True
Is 5587 a prime number?
False
Is 6274 composite?
True
Is 27329 composite?
False
Is 2153 composite?
False
Is 5473 prime?
False
Is 583031 prime?
True
Is 150343 a prime number?
True
Is 47451 prime?
False
Is 2339 a prime number?
True
Is 2785 a prime number?
False
Is 129943 composite?
True
Is 21797 a prime number?
False
Is 185151 a prime number?
False
Is 5207 composite?
True
Is 4265 a prime number?
False
Is 950447 composite?
False
Is 1648879 a composite number?
False
Is 8247 composite?
True
Is 138793 prime?
True
Is 3431 a prime number?
False
Is 427151 a prime number?
True
Is 333367 composite?
False
Is 11549 composite?
False
Is 6679 prime?
True
Is 373 prime?
True
Is 369641 a composite number?
True
Is 50603 prime?
False
Is 40407 composite?
True
Is 34393 a prime number?
False
Is 13843 a composite number?
True
Is 45805 composite?
True
Is 55373 prime?
True
Is 1908703 composite?
False
Is 8383 composite?
True
Is 11513 composite?
True
Is 2231 a composite number?
True
Is 13487 a prime number?
True
Is 75443 a composite number?
True
Is 9727 prime?
False
Is 9953 a prime number?
False
Is 207113 prime?
True
Is 6653 a composite number?
False
Is 3637 a composite number?
False
Is 82921 a composite number?
True
Is 54287 a prime number?
True
Is 587029 a composite number?
True
Is 5209 composite?
False
Is 10261 a prime number?
False
Is 22009 prime?
False
Is 162805 a prime number?
False
Is 4703 composite?
False
Is 128887 composite?
True
Is 320471 a composite number?
False
Is 774947 a composite number?
True
Is 7499 prime?
True
Is 404021 prime?
True
Is 25219 composite?
False
Is 345305 composite?
True
Is 52289 composite?
False
Is 21139 a prime number?
True
Is 4507 a prime number?
True
Is 41161 composite?
False
Is 129671 composite?
False
Is 4621 prime?
True
Is 6739 a composite number?
True
Is 3511 a composite number?
False
Is 189851 composite?
False
Is 10973 a composite number?
False
Is 154009 a composite number?
True
Is 1361 composite?
False
Is 40567 a composite number?
True
Is 143159 a prime number?
True
Is 795227 composite?
True
Is 767263 prime?
False
Is 517541 a prime number?
False
Is 1848955 a composite number?
True
Is 6197 composite?
False
Is 17645 a prime number?
False
Is 36949 a composite number?
True
Is 33457 composite?
False
Is 9533 composite?
False
Is 1899253 prime?
True
Is 32687 prime?
True
Is 4783 a prime number?
True
Is 650701 prime?
True
Is 251 a composite number?
False
Is 445 prime?
False
Is 2477 composite?
False
Is 33827 composite?
False
Is 15305 a composite number?
True
Is 467417 a prime number?
True
Is 4271 a prime number?
True
Is 4421 prime?
True
Is 288803 a composite number?
False
Is 703 a composite number?
True
Is 1929313 a prime number?
False
Is 91207 prime?
False
Is 528053 composite?
False
Is 13859 prime?
True
Is 3763 composite?
True
Is 518845 a prime number?
False
Is 5099 a composite number?
False
Is 116553 a composite number?
True
Is 2361 prime?
False
Is 1171 composite?
False
Is 2041 composite?
True
Is 26491 composite?
True
Is 1026331 composite?
False
Is 493999 composite?
True
Is 7651 a composite number?
True
Is 2218109 a prime number?
False
Is 1259 prime?
True
Is 398087 prime?
True
Is 107621 composite?
False
Is 337385 a prime number?
False
Is 76733 prime?
True
Is 127157 a composite number?
False
Is 5981 prime?
True
Is 114269 a prime number?
True
Is 36145 prime?
False
Is 2723 prime?
False
Is 38 a composite number?
True
Is 467063 a composite number?
False
Is 7554821 composite?
False
Is 56617 composite?
True
Is 3359 a composite number?
False
Is 5207 a prime number?
False
Is 190337 composite?
True
Is 1022011 composite?
False
Is 44845 a prime number?
False
Is 5354 composite?
True
Is 91187 a prime number?
False
Is 1244569 a prime number?
False
Is 3805 composite?
True
Is 103241 a prime number?
False
Is 4211269 a prime number?
False
Is 3431 a prime number?
False
Is 10893 a prime number?
False
Is 3017363 prime?
False
Is 5833 a composite number?
True
Is 1151 composite?
False
Is 829877 composite?
False
Is 2918 composite?
True
Is 519747 prime?
False
Is 239579 prime?
True
Is 6073 prime?
True
Is 800053 a composite number?
False
Is 760211 a composite number?
False
Is 1163618 a prime number?
False
Is 17443 composite?
False
Is 427587 a prime number?
False
Is 223823 a prime number?
True
Is 10831 a prime number?
True
Is 1231759 prime?
False
Is 1285 a composite number?
True
Is 6679 a prime number?
True
Is 1176137 prime?
True
Is 191409 a composite number?
True
Is 16997 prime?
False
Is 276509 a composite number?
True
Is 24599 a prime number?
False
Is 29933 prime?
False
Is 6503 composite?
True
Is 107171 prime?
True
Is 11549 a prime number?
True
Is 140083 a prime number?
False
Is 50885 a composite number?
True
Is 146 prime?
False
Is 535498 composite?
True
Is 333767 a composite number?
True
Is 6295 a composite number?
True
Is 59833 composite?
False
Is 19259 prime?
True
Is 28751 prime?
True
Is 1507 prime?
False
Is 77705 prime?
False
Is 184153 composite?
False
Is 122942 a prime number?
False
Is 169987 a prime number?
True
Is 78497 prime?
True
Is 341927 composite?
False
Is 304683 a prime number?
False
Is 86911 a prime number?
False
Is 25867 composite?
False
Is 65179 composite?
False
Is 10219 prime?
False
Is